{"id":7793,"date":"2023-06-24T21:13:57","date_gmt":"2023-06-24T21:13:57","guid":{"rendered":"http:\/\/www.zsamshornistudenky.cz\/?page_id=7793"},"modified":"2023-06-24T21:13:57","modified_gmt":"2023-06-24T21:13:57","slug":"fotogalerie-marionetove-divadlo-kasparek-jde-do-sveta-14-6-2023","status":"publish","type":"page","link":"http:\/\/www.zsamshornistudenky.cz\/?page_id=7793","title":{"rendered":"Fotogalerie &#8211; Marionetov\u00e9 divadlo: Ka\u0161p\u00e1rek jde do sv\u011bta 14. 6. 2023"},"content":{"rendered":"<a href=\"http:\/\/www.zsamshornistudenky.cz\/?page_id=43\">&lt;ZP\u011aT<\/a>\r\n\r\n<!-- \/wp:paragraph --><!-- wp:imagely\/nextgen-gallery -->\r\n\r\n<!-- default-view.php -->\n<div\n\tclass=\"ngg-galleryoverview default-view \"\n\tid=\"ngg-gallery-326a97484b2217efbc98c014a83b42c0-1\">\n\n\t\t<!-- Thumbnails -->\n\t\t\t\t<div id=\"ngg-image-0\" class=\"ngg-gallery-thumbnail-box \" >\n\t\t\t\t        <div class=\"ngg-gallery-thumbnail\">\n            <a href=\"http:\/\/www.zsamshornistudenky.cz\/wp-content\/gallery\/marionetove-divadlo-kasparek-jde-do-sveta-14-6-2023\/20230614_093924.jpg\"\n               title=\"\"\n               data-src=\"http:\/\/www.zsamshornistudenky.cz\/wp-content\/gallery\/marionetove-divadlo-kasparek-jde-do-sveta-14-6-2023\/20230614_093924.jpg\"\n               data-thumbnail=\"http:\/\/www.zsamshornistudenky.cz\/wp-content\/gallery\/marionetove-divadlo-kasparek-jde-do-sveta-14-6-2023\/thumbs\/thumbs_20230614_093924.jpg\"\n               data-image-id=\"4744\"\n               data-title=\"20230614_093924\"\n               data-description=\"\"\n               data-image-slug=\"20230614_093924\"\n               class=\"ngg-fancybox\" rel=\"326a97484b2217efbc98c014a83b42c0\">\n                <img\n                    title=\"20230614_093924\"\n                    alt=\"20230614_093924\"\n                    src=\"http:\/\/www.zsamshornistudenky.cz\/wp-content\/gallery\/marionetove-divadlo-kasparek-jde-do-sveta-14-6-2023\/thumbs\/thumbs_20230614_093924.jpg\"\n                    width=\"240\"\n                    height=\"160\"\n                    style=\"max-width:100%;\"\n                \/>\n            <\/a>\n        <\/div>\n\t\t\t\t\t\t\t<\/div> \n\t\t\t\n\t\t\t\t<div id=\"ngg-image-1\" class=\"ngg-gallery-thumbnail-box \" >\n\t\t\t\t        <div class=\"ngg-gallery-thumbnail\">\n            <a href=\"http:\/\/www.zsamshornistudenky.cz\/wp-content\/gallery\/marionetove-divadlo-kasparek-jde-do-sveta-14-6-2023\/20230614_093947.jpg\"\n               title=\"\"\n               data-src=\"http:\/\/www.zsamshornistudenky.cz\/wp-content\/gallery\/marionetove-divadlo-kasparek-jde-do-sveta-14-6-2023\/20230614_093947.jpg\"\n               data-thumbnail=\"http:\/\/www.zsamshornistudenky.cz\/wp-content\/gallery\/marionetove-divadlo-kasparek-jde-do-sveta-14-6-2023\/thumbs\/thumbs_20230614_093947.jpg\"\n               data-image-id=\"4745\"\n               data-title=\"20230614_093947\"\n               data-description=\"\"\n               data-image-slug=\"20230614_093947\"\n               class=\"ngg-fancybox\" rel=\"326a97484b2217efbc98c014a83b42c0\">\n                <img\n                    title=\"20230614_093947\"\n                    alt=\"20230614_093947\"\n                    src=\"http:\/\/www.zsamshornistudenky.cz\/wp-content\/gallery\/marionetove-divadlo-kasparek-jde-do-sveta-14-6-2023\/thumbs\/thumbs_20230614_093947.jpg\"\n                    width=\"240\"\n                    height=\"160\"\n                    style=\"max-width:100%;\"\n                \/>\n            <\/a>\n        <\/div>\n\t\t\t\t\t\t\t<\/div> \n\t\t\t\n\t\t\t\t<div id=\"ngg-image-2\" class=\"ngg-gallery-thumbnail-box \" >\n\t\t\t\t        <div class=\"ngg-gallery-thumbnail\">\n            <a href=\"http:\/\/www.zsamshornistudenky.cz\/wp-content\/gallery\/marionetove-divadlo-kasparek-jde-do-sveta-14-6-2023\/20230614_093950.jpg\"\n               title=\"\"\n               data-src=\"http:\/\/www.zsamshornistudenky.cz\/wp-content\/gallery\/marionetove-divadlo-kasparek-jde-do-sveta-14-6-2023\/20230614_093950.jpg\"\n               data-thumbnail=\"http:\/\/www.zsamshornistudenky.cz\/wp-content\/gallery\/marionetove-divadlo-kasparek-jde-do-sveta-14-6-2023\/thumbs\/thumbs_20230614_093950.jpg\"\n               data-image-id=\"4746\"\n               data-title=\"20230614_093950\"\n               data-description=\"\"\n               data-image-slug=\"20230614_093950\"\n               class=\"ngg-fancybox\" rel=\"326a97484b2217efbc98c014a83b42c0\">\n                <img\n                    title=\"20230614_093950\"\n                    alt=\"20230614_093950\"\n                    src=\"http:\/\/www.zsamshornistudenky.cz\/wp-content\/gallery\/marionetove-divadlo-kasparek-jde-do-sveta-14-6-2023\/thumbs\/thumbs_20230614_093950.jpg\"\n                    width=\"240\"\n                    height=\"160\"\n                    style=\"max-width:100%;\"\n                \/>\n            <\/a>\n        <\/div>\n\t\t\t\t\t\t\t<\/div> \n\t\t\t\n\t\t\t\t<div id=\"ngg-image-3\" class=\"ngg-gallery-thumbnail-box \" >\n\t\t\t\t        <div class=\"ngg-gallery-thumbnail\">\n            <a href=\"http:\/\/www.zsamshornistudenky.cz\/wp-content\/gallery\/marionetove-divadlo-kasparek-jde-do-sveta-14-6-2023\/20230614_094006.jpg\"\n               title=\"\"\n               data-src=\"http:\/\/www.zsamshornistudenky.cz\/wp-content\/gallery\/marionetove-divadlo-kasparek-jde-do-sveta-14-6-2023\/20230614_094006.jpg\"\n               data-thumbnail=\"http:\/\/www.zsamshornistudenky.cz\/wp-content\/gallery\/marionetove-divadlo-kasparek-jde-do-sveta-14-6-2023\/thumbs\/thumbs_20230614_094006.jpg\"\n               data-image-id=\"4747\"\n               data-title=\"20230614_094006\"\n               data-description=\"\"\n               data-image-slug=\"20230614_094006\"\n               class=\"ngg-fancybox\" rel=\"326a97484b2217efbc98c014a83b42c0\">\n                <img\n                    title=\"20230614_094006\"\n                    alt=\"20230614_094006\"\n                    src=\"http:\/\/www.zsamshornistudenky.cz\/wp-content\/gallery\/marionetove-divadlo-kasparek-jde-do-sveta-14-6-2023\/thumbs\/thumbs_20230614_094006.jpg\"\n                    width=\"240\"\n                    height=\"160\"\n                    style=\"max-width:100%;\"\n                \/>\n            <\/a>\n        <\/div>\n\t\t\t\t\t\t\t<\/div> \n\t\t\t\n\t\t\t\t<div id=\"ngg-image-4\" class=\"ngg-gallery-thumbnail-box \" >\n\t\t\t\t        <div class=\"ngg-gallery-thumbnail\">\n            <a href=\"http:\/\/www.zsamshornistudenky.cz\/wp-content\/gallery\/marionetove-divadlo-kasparek-jde-do-sveta-14-6-2023\/20230614_094016.jpg\"\n               title=\"\"\n               data-src=\"http:\/\/www.zsamshornistudenky.cz\/wp-content\/gallery\/marionetove-divadlo-kasparek-jde-do-sveta-14-6-2023\/20230614_094016.jpg\"\n               data-thumbnail=\"http:\/\/www.zsamshornistudenky.cz\/wp-content\/gallery\/marionetove-divadlo-kasparek-jde-do-sveta-14-6-2023\/thumbs\/thumbs_20230614_094016.jpg\"\n               data-image-id=\"4748\"\n               data-title=\"20230614_094016\"\n               data-description=\"\"\n               data-image-slug=\"20230614_094016\"\n               class=\"ngg-fancybox\" rel=\"326a97484b2217efbc98c014a83b42c0\">\n                <img\n                    title=\"20230614_094016\"\n                    alt=\"20230614_094016\"\n                    src=\"http:\/\/www.zsamshornistudenky.cz\/wp-content\/gallery\/marionetove-divadlo-kasparek-jde-do-sveta-14-6-2023\/thumbs\/thumbs_20230614_094016.jpg\"\n                    width=\"240\"\n                    height=\"160\"\n                    style=\"max-width:100%;\"\n                \/>\n            <\/a>\n        <\/div>\n\t\t\t\t\t\t\t<\/div> \n\t\t\t\n\t\t\t\t<div id=\"ngg-image-5\" class=\"ngg-gallery-thumbnail-box \" >\n\t\t\t\t        <div class=\"ngg-gallery-thumbnail\">\n            <a href=\"http:\/\/www.zsamshornistudenky.cz\/wp-content\/gallery\/marionetove-divadlo-kasparek-jde-do-sveta-14-6-2023\/20230614_094017.jpg\"\n               title=\"\"\n               data-src=\"http:\/\/www.zsamshornistudenky.cz\/wp-content\/gallery\/marionetove-divadlo-kasparek-jde-do-sveta-14-6-2023\/20230614_094017.jpg\"\n               data-thumbnail=\"http:\/\/www.zsamshornistudenky.cz\/wp-content\/gallery\/marionetove-divadlo-kasparek-jde-do-sveta-14-6-2023\/thumbs\/thumbs_20230614_094017.jpg\"\n               data-image-id=\"4749\"\n               data-title=\"20230614_094017\"\n               data-description=\"\"\n               data-image-slug=\"20230614_094017\"\n               class=\"ngg-fancybox\" rel=\"326a97484b2217efbc98c014a83b42c0\">\n                <img\n                    title=\"20230614_094017\"\n                    alt=\"20230614_094017\"\n                    src=\"http:\/\/www.zsamshornistudenky.cz\/wp-content\/gallery\/marionetove-divadlo-kasparek-jde-do-sveta-14-6-2023\/thumbs\/thumbs_20230614_094017.jpg\"\n                    width=\"240\"\n                    height=\"160\"\n                    style=\"max-width:100%;\"\n                \/>\n            <\/a>\n        <\/div>\n\t\t\t\t\t\t\t<\/div> \n\t\t\t\n\t\t\t\t<div id=\"ngg-image-6\" class=\"ngg-gallery-thumbnail-box \" >\n\t\t\t\t        <div class=\"ngg-gallery-thumbnail\">\n            <a href=\"http:\/\/www.zsamshornistudenky.cz\/wp-content\/gallery\/marionetove-divadlo-kasparek-jde-do-sveta-14-6-2023\/20230614_101012.jpg\"\n               title=\"\"\n               data-src=\"http:\/\/www.zsamshornistudenky.cz\/wp-content\/gallery\/marionetove-divadlo-kasparek-jde-do-sveta-14-6-2023\/20230614_101012.jpg\"\n               data-thumbnail=\"http:\/\/www.zsamshornistudenky.cz\/wp-content\/gallery\/marionetove-divadlo-kasparek-jde-do-sveta-14-6-2023\/thumbs\/thumbs_20230614_101012.jpg\"\n               data-image-id=\"4750\"\n               data-title=\"20230614_101012\"\n               data-description=\"\"\n               data-image-slug=\"20230614_101012\"\n               class=\"ngg-fancybox\" rel=\"326a97484b2217efbc98c014a83b42c0\">\n                <img\n                    title=\"20230614_101012\"\n                    alt=\"20230614_101012\"\n                    src=\"http:\/\/www.zsamshornistudenky.cz\/wp-content\/gallery\/marionetove-divadlo-kasparek-jde-do-sveta-14-6-2023\/thumbs\/thumbs_20230614_101012.jpg\"\n                    width=\"240\"\n                    height=\"160\"\n                    style=\"max-width:100%;\"\n                \/>\n            <\/a>\n        <\/div>\n\t\t\t\t\t\t\t<\/div> \n\t\t\t\n\t\n\t<br style=\"clear: both\" \/>\n\n\t\n\t\t<!-- Pagination -->\n\t<div class='ngg-clear'><\/div>\t<\/div>\n<!-- \/wp:imagely\/nextgen-gallery --><!-- wp:paragraph {\"align\":\"right\"} -->\r\n<p style=\"text-align: right;\"><a href=\"http:\/\/www.zsamshornistudenky.cz\/?page_id=43\">&lt;ZP\u011aT<\/a><\/p>","protected":false},"excerpt":{"rendered":"<p>&lt;ZP\u011aT &lt;ZP\u011aT<\/p>\n","protected":false},"author":2,"featured_media":0,"parent":0,"menu_order":0,"comment_status":"closed","ping_status":"closed","template":"","meta":{"ngg_post_thumbnail":0},"_links":{"self":[{"href":"http:\/\/www.zsamshornistudenky.cz\/index.php?rest_route=\/wp\/v2\/pages\/7793"}],"collection":[{"href":"http:\/\/www.zsamshornistudenky.cz\/index.php?rest_route=\/wp\/v2\/pages"}],"about":[{"href":"http:\/\/www.zsamshornistudenky.cz\/index.php?rest_route=\/wp\/v2\/types\/page"}],"author":[{"embeddable":true,"href":"http:\/\/www.zsamshornistudenky.cz\/index.php?rest_route=\/wp\/v2\/users\/2"}],"replies":[{"embeddable":true,"href":"http:\/\/www.zsamshornistudenky.cz\/index.php?rest_route=%2Fwp%2Fv2%2Fcomments&post=7793"}],"version-history":[{"count":1,"href":"http:\/\/www.zsamshornistudenky.cz\/index.php?rest_route=\/wp\/v2\/pages\/7793\/revisions"}],"predecessor-version":[{"id":7794,"href":"http:\/\/www.zsamshornistudenky.cz\/index.php?rest_route=\/wp\/v2\/pages\/7793\/revisions\/7794"}],"wp:attachment":[{"href":"http:\/\/www.zsamshornistudenky.cz\/index.php?rest_route=%2Fwp%2Fv2%2Fmedia&parent=7793"}],"curies":[{"name":"wp","href":"https:\/\/api.w.org\/{rel}","templated":true}]}}