{"id":7495,"date":"2023-05-11T19:57:37","date_gmt":"2023-05-11T19:57:37","guid":{"rendered":"http:\/\/www.zsamshornistudenky.cz\/?page_id=7495"},"modified":"2023-05-11T20:00:12","modified_gmt":"2023-05-11T20:00:12","slug":"fotogalerie-pracovni-velikonocni-cinnosti-v-zs-2023","status":"publish","type":"page","link":"http:\/\/www.zsamshornistudenky.cz\/?page_id=7495","title":{"rendered":"Fotogalerie &#8211; Velikono\u010dn\u00ed pracovn\u00ed \u010dinnosti v Z\u0160 2023"},"content":{"rendered":"<p><a href=\"http:\/\/www.zsamshornistudenky.cz\/?page_id=43\">&lt;ZP\u011aT<\/a><\/p>\r\n<!-- \/wp:paragraph -->\r\n\r\n<!-- wp:imagely\/nextgen-gallery -->\r\n<!-- default-view.php -->\n<div\n\tclass=\"ngg-galleryoverview default-view \"\n\tid=\"ngg-gallery-fdf74cf8253c363242769a2c74c51b5f-1\">\n\n\t\t<!-- Thumbnails -->\n\t\t\t\t<div id=\"ngg-image-0\" class=\"ngg-gallery-thumbnail-box \" >\n\t\t\t\t        <div class=\"ngg-gallery-thumbnail\">\n            <a href=\"http:\/\/www.zsamshornistudenky.cz\/wp-content\/gallery\/pracovni-velikonocni-cinnosti-v-zs-2023\/IMG_20230329_112728.jpg\"\n               title=\"\"\n               data-src=\"http:\/\/www.zsamshornistudenky.cz\/wp-content\/gallery\/pracovni-velikonocni-cinnosti-v-zs-2023\/IMG_20230329_112728.jpg\"\n               data-thumbnail=\"http:\/\/www.zsamshornistudenky.cz\/wp-content\/gallery\/pracovni-velikonocni-cinnosti-v-zs-2023\/thumbs\/thumbs_IMG_20230329_112728.jpg\"\n               data-image-id=\"4507\"\n               data-title=\"IMG_20230329_112728\"\n               data-description=\"\"\n               data-image-slug=\"img_20230329_112728\"\n               class=\"ngg-fancybox\" rel=\"fdf74cf8253c363242769a2c74c51b5f\">\n                <img\n                    title=\"IMG_20230329_112728\"\n                    alt=\"IMG_20230329_112728\"\n                    src=\"http:\/\/www.zsamshornistudenky.cz\/wp-content\/gallery\/pracovni-velikonocni-cinnosti-v-zs-2023\/thumbs\/thumbs_IMG_20230329_112728.jpg\"\n                    width=\"240\"\n                    height=\"160\"\n                    style=\"max-width:100%;\"\n                \/>\n            <\/a>\n        <\/div>\n\t\t\t\t\t\t\t<\/div> \n\t\t\t\n\t\t\t\t<div id=\"ngg-image-1\" class=\"ngg-gallery-thumbnail-box \" >\n\t\t\t\t        <div class=\"ngg-gallery-thumbnail\">\n            <a href=\"http:\/\/www.zsamshornistudenky.cz\/wp-content\/gallery\/pracovni-velikonocni-cinnosti-v-zs-2023\/IMG_20230329_112732.jpg\"\n               title=\"\"\n               data-src=\"http:\/\/www.zsamshornistudenky.cz\/wp-content\/gallery\/pracovni-velikonocni-cinnosti-v-zs-2023\/IMG_20230329_112732.jpg\"\n               data-thumbnail=\"http:\/\/www.zsamshornistudenky.cz\/wp-content\/gallery\/pracovni-velikonocni-cinnosti-v-zs-2023\/thumbs\/thumbs_IMG_20230329_112732.jpg\"\n               data-image-id=\"4508\"\n               data-title=\"IMG_20230329_112732\"\n               data-description=\"\"\n               data-image-slug=\"img_20230329_112732\"\n               class=\"ngg-fancybox\" rel=\"fdf74cf8253c363242769a2c74c51b5f\">\n                <img\n                    title=\"IMG_20230329_112732\"\n                    alt=\"IMG_20230329_112732\"\n                    src=\"http:\/\/www.zsamshornistudenky.cz\/wp-content\/gallery\/pracovni-velikonocni-cinnosti-v-zs-2023\/thumbs\/thumbs_IMG_20230329_112732.jpg\"\n                    width=\"240\"\n                    height=\"160\"\n                    style=\"max-width:100%;\"\n                \/>\n            <\/a>\n        <\/div>\n\t\t\t\t\t\t\t<\/div> \n\t\t\t\n\t\t\t\t<div id=\"ngg-image-2\" class=\"ngg-gallery-thumbnail-box \" >\n\t\t\t\t        <div class=\"ngg-gallery-thumbnail\">\n            <a href=\"http:\/\/www.zsamshornistudenky.cz\/wp-content\/gallery\/pracovni-velikonocni-cinnosti-v-zs-2023\/IMG_20230329_112807.jpg\"\n               title=\"\"\n               data-src=\"http:\/\/www.zsamshornistudenky.cz\/wp-content\/gallery\/pracovni-velikonocni-cinnosti-v-zs-2023\/IMG_20230329_112807.jpg\"\n               data-thumbnail=\"http:\/\/www.zsamshornistudenky.cz\/wp-content\/gallery\/pracovni-velikonocni-cinnosti-v-zs-2023\/thumbs\/thumbs_IMG_20230329_112807.jpg\"\n               data-image-id=\"4509\"\n               data-title=\"IMG_20230329_112807\"\n               data-description=\"\"\n               data-image-slug=\"img_20230329_112807\"\n               class=\"ngg-fancybox\" rel=\"fdf74cf8253c363242769a2c74c51b5f\">\n                <img\n                    title=\"IMG_20230329_112807\"\n                    alt=\"IMG_20230329_112807\"\n                    src=\"http:\/\/www.zsamshornistudenky.cz\/wp-content\/gallery\/pracovni-velikonocni-cinnosti-v-zs-2023\/thumbs\/thumbs_IMG_20230329_112807.jpg\"\n                    width=\"240\"\n                    height=\"160\"\n                    style=\"max-width:100%;\"\n                \/>\n            <\/a>\n        <\/div>\n\t\t\t\t\t\t\t<\/div> \n\t\t\t\n\t\t\t\t<div id=\"ngg-image-3\" class=\"ngg-gallery-thumbnail-box \" >\n\t\t\t\t        <div class=\"ngg-gallery-thumbnail\">\n            <a href=\"http:\/\/www.zsamshornistudenky.cz\/wp-content\/gallery\/pracovni-velikonocni-cinnosti-v-zs-2023\/IMG_20230329_112817.jpg\"\n               title=\"\"\n               data-src=\"http:\/\/www.zsamshornistudenky.cz\/wp-content\/gallery\/pracovni-velikonocni-cinnosti-v-zs-2023\/IMG_20230329_112817.jpg\"\n               data-thumbnail=\"http:\/\/www.zsamshornistudenky.cz\/wp-content\/gallery\/pracovni-velikonocni-cinnosti-v-zs-2023\/thumbs\/thumbs_IMG_20230329_112817.jpg\"\n               data-image-id=\"4510\"\n               data-title=\"IMG_20230329_112817\"\n               data-description=\"\"\n               data-image-slug=\"img_20230329_112817\"\n               class=\"ngg-fancybox\" rel=\"fdf74cf8253c363242769a2c74c51b5f\">\n                <img\n                    title=\"IMG_20230329_112817\"\n                    alt=\"IMG_20230329_112817\"\n                    src=\"http:\/\/www.zsamshornistudenky.cz\/wp-content\/gallery\/pracovni-velikonocni-cinnosti-v-zs-2023\/thumbs\/thumbs_IMG_20230329_112817.jpg\"\n                    width=\"240\"\n                    height=\"160\"\n                    style=\"max-width:100%;\"\n                \/>\n            <\/a>\n        <\/div>\n\t\t\t\t\t\t\t<\/div> \n\t\t\t\n\t\n\t<br style=\"clear: both\" \/>\n\n\t\n\t\t<!-- Pagination -->\n\t<div class='ngg-clear'><\/div>\t<\/div>\n\r\n<!-- \/wp:imagely\/nextgen-gallery -->\r\n\r\n<!-- wp:paragraph {\"align\":\"right\"} -->\r\n<p style=\"text-align: right;\"><a href=\"http:\/\/www.zsamshornistudenky.cz\/?page_id=43\">&lt;ZP\u011aT<\/a><\/p>","protected":false},"excerpt":{"rendered":"<p>&lt;ZP\u011aT &lt;ZP\u011aT<\/p>\n","protected":false},"author":2,"featured_media":0,"parent":0,"menu_order":0,"comment_status":"closed","ping_status":"closed","template":"","meta":{"ngg_post_thumbnail":0},"_links":{"self":[{"href":"http:\/\/www.zsamshornistudenky.cz\/index.php?rest_route=\/wp\/v2\/pages\/7495"}],"collection":[{"href":"http:\/\/www.zsamshornistudenky.cz\/index.php?rest_route=\/wp\/v2\/pages"}],"about":[{"href":"http:\/\/www.zsamshornistudenky.cz\/index.php?rest_route=\/wp\/v2\/types\/page"}],"author":[{"embeddable":true,"href":"http:\/\/www.zsamshornistudenky.cz\/index.php?rest_route=\/wp\/v2\/users\/2"}],"replies":[{"embeddable":true,"href":"http:\/\/www.zsamshornistudenky.cz\/index.php?rest_route=%2Fwp%2Fv2%2Fcomments&post=7495"}],"version-history":[{"count":2,"href":"http:\/\/www.zsamshornistudenky.cz\/index.php?rest_route=\/wp\/v2\/pages\/7495\/revisions"}],"predecessor-version":[{"id":7499,"href":"http:\/\/www.zsamshornistudenky.cz\/index.php?rest_route=\/wp\/v2\/pages\/7495\/revisions\/7499"}],"wp:attachment":[{"href":"http:\/\/www.zsamshornistudenky.cz\/index.php?rest_route=%2Fwp%2Fv2%2Fmedia&parent=7495"}],"curies":[{"name":"wp","href":"https:\/\/api.w.org\/{rel}","templated":true}]}}