{"id":6841,"date":"2022-12-03T22:17:23","date_gmt":"2022-12-03T22:17:23","guid":{"rendered":"http:\/\/www.zsamshornistudenky.cz\/?page_id=6841"},"modified":"2022-12-03T22:19:44","modified_gmt":"2022-12-03T22:19:44","slug":"fotogalerie-navsteva-knihovny-22-11-2022","status":"publish","type":"page","link":"http:\/\/www.zsamshornistudenky.cz\/?page_id=6841","title":{"rendered":"Fotogalerie &#8211; N\u00e1v\u0161t\u011bva knihovny 22. 11. 2022"},"content":{"rendered":"<p><a href=\"http:\/\/www.zsamshornistudenky.cz\/?page_id=43\">&lt;ZP\u011aT<\/a><\/p>\r\n<!-- \/wp:paragraph -->\r\n\r\n<!-- wp:imagely\/nextgen-gallery -->\r\n<!-- default-view.php -->\n<div\n\tclass=\"ngg-galleryoverview default-view \"\n\tid=\"ngg-gallery-dd78cdaef6bc155a0a5cf51396d6b6f6-1\">\n\n\t\t<!-- Thumbnails -->\n\t\t\t\t<div id=\"ngg-image-0\" class=\"ngg-gallery-thumbnail-box \" >\n\t\t\t\t        <div class=\"ngg-gallery-thumbnail\">\n            <a href=\"http:\/\/www.zsamshornistudenky.cz\/wp-content\/gallery\/navsteva-knihovny-22-11-2022\/IMG_20221122_083150_1.jpg\"\n               title=\"\"\n               data-src=\"http:\/\/www.zsamshornistudenky.cz\/wp-content\/gallery\/navsteva-knihovny-22-11-2022\/IMG_20221122_083150_1.jpg\"\n               data-thumbnail=\"http:\/\/www.zsamshornistudenky.cz\/wp-content\/gallery\/navsteva-knihovny-22-11-2022\/thumbs\/thumbs_IMG_20221122_083150_1.jpg\"\n               data-image-id=\"4023\"\n               data-title=\"IMG_20221122_083150_1\"\n               data-description=\"\"\n               data-image-slug=\"img_20221122_083150_1\"\n               class=\"ngg-fancybox\" rel=\"dd78cdaef6bc155a0a5cf51396d6b6f6\">\n                <img\n                    title=\"IMG_20221122_083150_1\"\n                    alt=\"IMG_20221122_083150_1\"\n                    src=\"http:\/\/www.zsamshornistudenky.cz\/wp-content\/gallery\/navsteva-knihovny-22-11-2022\/thumbs\/thumbs_IMG_20221122_083150_1.jpg\"\n                    width=\"240\"\n                    height=\"160\"\n                    style=\"max-width:100%;\"\n                \/>\n            <\/a>\n        <\/div>\n\t\t\t\t\t\t\t<\/div> \n\t\t\t\n\t\t\t\t<div id=\"ngg-image-1\" class=\"ngg-gallery-thumbnail-box \" >\n\t\t\t\t        <div class=\"ngg-gallery-thumbnail\">\n            <a href=\"http:\/\/www.zsamshornistudenky.cz\/wp-content\/gallery\/navsteva-knihovny-22-11-2022\/IMG_20221122_093927_1.jpg\"\n               title=\"\"\n               data-src=\"http:\/\/www.zsamshornistudenky.cz\/wp-content\/gallery\/navsteva-knihovny-22-11-2022\/IMG_20221122_093927_1.jpg\"\n               data-thumbnail=\"http:\/\/www.zsamshornistudenky.cz\/wp-content\/gallery\/navsteva-knihovny-22-11-2022\/thumbs\/thumbs_IMG_20221122_093927_1.jpg\"\n               data-image-id=\"4024\"\n               data-title=\"IMG_20221122_093927_1\"\n               data-description=\"\"\n               data-image-slug=\"img_20221122_093927_1\"\n               class=\"ngg-fancybox\" rel=\"dd78cdaef6bc155a0a5cf51396d6b6f6\">\n                <img\n                    title=\"IMG_20221122_093927_1\"\n                    alt=\"IMG_20221122_093927_1\"\n                    src=\"http:\/\/www.zsamshornistudenky.cz\/wp-content\/gallery\/navsteva-knihovny-22-11-2022\/thumbs\/thumbs_IMG_20221122_093927_1.jpg\"\n                    width=\"240\"\n                    height=\"160\"\n                    style=\"max-width:100%;\"\n                \/>\n            <\/a>\n        <\/div>\n\t\t\t\t\t\t\t<\/div> \n\t\t\t\n\t\t\t\t<div id=\"ngg-image-2\" class=\"ngg-gallery-thumbnail-box \" >\n\t\t\t\t        <div class=\"ngg-gallery-thumbnail\">\n            <a href=\"http:\/\/www.zsamshornistudenky.cz\/wp-content\/gallery\/navsteva-knihovny-22-11-2022\/IMG_20221122_093958_1.jpg\"\n               title=\"\"\n               data-src=\"http:\/\/www.zsamshornistudenky.cz\/wp-content\/gallery\/navsteva-knihovny-22-11-2022\/IMG_20221122_093958_1.jpg\"\n               data-thumbnail=\"http:\/\/www.zsamshornistudenky.cz\/wp-content\/gallery\/navsteva-knihovny-22-11-2022\/thumbs\/thumbs_IMG_20221122_093958_1.jpg\"\n               data-image-id=\"4025\"\n               data-title=\"IMG_20221122_093958_1\"\n               data-description=\"\"\n               data-image-slug=\"img_20221122_093958_1\"\n               class=\"ngg-fancybox\" rel=\"dd78cdaef6bc155a0a5cf51396d6b6f6\">\n                <img\n                    title=\"IMG_20221122_093958_1\"\n                    alt=\"IMG_20221122_093958_1\"\n                    src=\"http:\/\/www.zsamshornistudenky.cz\/wp-content\/gallery\/navsteva-knihovny-22-11-2022\/thumbs\/thumbs_IMG_20221122_093958_1.jpg\"\n                    width=\"240\"\n                    height=\"160\"\n                    style=\"max-width:100%;\"\n                \/>\n            <\/a>\n        <\/div>\n\t\t\t\t\t\t\t<\/div> \n\t\t\t\n\t\t\t\t<div id=\"ngg-image-3\" class=\"ngg-gallery-thumbnail-box \" >\n\t\t\t\t        <div class=\"ngg-gallery-thumbnail\">\n            <a href=\"http:\/\/www.zsamshornistudenky.cz\/wp-content\/gallery\/navsteva-knihovny-22-11-2022\/IMG_20221122_094010_1.jpg\"\n               title=\"\"\n               data-src=\"http:\/\/www.zsamshornistudenky.cz\/wp-content\/gallery\/navsteva-knihovny-22-11-2022\/IMG_20221122_094010_1.jpg\"\n               data-thumbnail=\"http:\/\/www.zsamshornistudenky.cz\/wp-content\/gallery\/navsteva-knihovny-22-11-2022\/thumbs\/thumbs_IMG_20221122_094010_1.jpg\"\n               data-image-id=\"4026\"\n               data-title=\"IMG_20221122_094010_1\"\n               data-description=\"\"\n               data-image-slug=\"img_20221122_094010_1\"\n               class=\"ngg-fancybox\" rel=\"dd78cdaef6bc155a0a5cf51396d6b6f6\">\n                <img\n                    title=\"IMG_20221122_094010_1\"\n                    alt=\"IMG_20221122_094010_1\"\n                    src=\"http:\/\/www.zsamshornistudenky.cz\/wp-content\/gallery\/navsteva-knihovny-22-11-2022\/thumbs\/thumbs_IMG_20221122_094010_1.jpg\"\n                    width=\"240\"\n                    height=\"160\"\n                    style=\"max-width:100%;\"\n                \/>\n            <\/a>\n        <\/div>\n\t\t\t\t\t\t\t<\/div> \n\t\t\t\n\t\t\t\t<div id=\"ngg-image-4\" class=\"ngg-gallery-thumbnail-box \" >\n\t\t\t\t        <div class=\"ngg-gallery-thumbnail\">\n            <a href=\"http:\/\/www.zsamshornistudenky.cz\/wp-content\/gallery\/navsteva-knihovny-22-11-2022\/IMG_20221122_094033_1.jpg\"\n               title=\"\"\n               data-src=\"http:\/\/www.zsamshornistudenky.cz\/wp-content\/gallery\/navsteva-knihovny-22-11-2022\/IMG_20221122_094033_1.jpg\"\n               data-thumbnail=\"http:\/\/www.zsamshornistudenky.cz\/wp-content\/gallery\/navsteva-knihovny-22-11-2022\/thumbs\/thumbs_IMG_20221122_094033_1.jpg\"\n               data-image-id=\"4027\"\n               data-title=\"IMG_20221122_094033_1\"\n               data-description=\"\"\n               data-image-slug=\"img_20221122_094033_1\"\n               class=\"ngg-fancybox\" rel=\"dd78cdaef6bc155a0a5cf51396d6b6f6\">\n                <img\n                    title=\"IMG_20221122_094033_1\"\n                    alt=\"IMG_20221122_094033_1\"\n                    src=\"http:\/\/www.zsamshornistudenky.cz\/wp-content\/gallery\/navsteva-knihovny-22-11-2022\/thumbs\/thumbs_IMG_20221122_094033_1.jpg\"\n                    width=\"240\"\n                    height=\"160\"\n                    style=\"max-width:100%;\"\n                \/>\n            <\/a>\n        <\/div>\n\t\t\t\t\t\t\t<\/div> \n\t\t\t\n\t\t\t\t<div id=\"ngg-image-5\" class=\"ngg-gallery-thumbnail-box \" >\n\t\t\t\t        <div class=\"ngg-gallery-thumbnail\">\n            <a href=\"http:\/\/www.zsamshornistudenky.cz\/wp-content\/gallery\/navsteva-knihovny-22-11-2022\/IMG_20221122_095445_1.jpg\"\n               title=\"\"\n               data-src=\"http:\/\/www.zsamshornistudenky.cz\/wp-content\/gallery\/navsteva-knihovny-22-11-2022\/IMG_20221122_095445_1.jpg\"\n               data-thumbnail=\"http:\/\/www.zsamshornistudenky.cz\/wp-content\/gallery\/navsteva-knihovny-22-11-2022\/thumbs\/thumbs_IMG_20221122_095445_1.jpg\"\n               data-image-id=\"4028\"\n               data-title=\"IMG_20221122_095445_1\"\n               data-description=\"\"\n               data-image-slug=\"img_20221122_095445_1\"\n               class=\"ngg-fancybox\" rel=\"dd78cdaef6bc155a0a5cf51396d6b6f6\">\n                <img\n                    title=\"IMG_20221122_095445_1\"\n                    alt=\"IMG_20221122_095445_1\"\n                    src=\"http:\/\/www.zsamshornistudenky.cz\/wp-content\/gallery\/navsteva-knihovny-22-11-2022\/thumbs\/thumbs_IMG_20221122_095445_1.jpg\"\n                    width=\"240\"\n                    height=\"160\"\n                    style=\"max-width:100%;\"\n                \/>\n            <\/a>\n        <\/div>\n\t\t\t\t\t\t\t<\/div> \n\t\t\t\n\t\t\t\t<div id=\"ngg-image-6\" class=\"ngg-gallery-thumbnail-box \" >\n\t\t\t\t        <div class=\"ngg-gallery-thumbnail\">\n            <a href=\"http:\/\/www.zsamshornistudenky.cz\/wp-content\/gallery\/navsteva-knihovny-22-11-2022\/IMG_20221122_103917_1.jpg\"\n               title=\"\"\n               data-src=\"http:\/\/www.zsamshornistudenky.cz\/wp-content\/gallery\/navsteva-knihovny-22-11-2022\/IMG_20221122_103917_1.jpg\"\n               data-thumbnail=\"http:\/\/www.zsamshornistudenky.cz\/wp-content\/gallery\/navsteva-knihovny-22-11-2022\/thumbs\/thumbs_IMG_20221122_103917_1.jpg\"\n               data-image-id=\"4029\"\n               data-title=\"IMG_20221122_103917_1\"\n               data-description=\"\"\n               data-image-slug=\"img_20221122_103917_1\"\n               class=\"ngg-fancybox\" rel=\"dd78cdaef6bc155a0a5cf51396d6b6f6\">\n                <img\n                    title=\"IMG_20221122_103917_1\"\n                    alt=\"IMG_20221122_103917_1\"\n                    src=\"http:\/\/www.zsamshornistudenky.cz\/wp-content\/gallery\/navsteva-knihovny-22-11-2022\/thumbs\/thumbs_IMG_20221122_103917_1.jpg\"\n                    width=\"240\"\n                    height=\"160\"\n                    style=\"max-width:100%;\"\n                \/>\n            <\/a>\n        <\/div>\n\t\t\t\t\t\t\t<\/div> \n\t\t\t\n\t\t\t\t<div id=\"ngg-image-7\" class=\"ngg-gallery-thumbnail-box \" >\n\t\t\t\t        <div class=\"ngg-gallery-thumbnail\">\n            <a href=\"http:\/\/www.zsamshornistudenky.cz\/wp-content\/gallery\/navsteva-knihovny-22-11-2022\/IMG_20221122_103951_1.jpg\"\n               title=\"\"\n               data-src=\"http:\/\/www.zsamshornistudenky.cz\/wp-content\/gallery\/navsteva-knihovny-22-11-2022\/IMG_20221122_103951_1.jpg\"\n               data-thumbnail=\"http:\/\/www.zsamshornistudenky.cz\/wp-content\/gallery\/navsteva-knihovny-22-11-2022\/thumbs\/thumbs_IMG_20221122_103951_1.jpg\"\n               data-image-id=\"4030\"\n               data-title=\"IMG_20221122_103951_1\"\n               data-description=\"\"\n               data-image-slug=\"img_20221122_103951_1\"\n               class=\"ngg-fancybox\" rel=\"dd78cdaef6bc155a0a5cf51396d6b6f6\">\n                <img\n                    title=\"IMG_20221122_103951_1\"\n                    alt=\"IMG_20221122_103951_1\"\n                    src=\"http:\/\/www.zsamshornistudenky.cz\/wp-content\/gallery\/navsteva-knihovny-22-11-2022\/thumbs\/thumbs_IMG_20221122_103951_1.jpg\"\n                    width=\"240\"\n                    height=\"160\"\n                    style=\"max-width:100%;\"\n                \/>\n            <\/a>\n        <\/div>\n\t\t\t\t\t\t\t<\/div> \n\t\t\t\n\t\t\t\t<div id=\"ngg-image-8\" class=\"ngg-gallery-thumbnail-box \" >\n\t\t\t\t        <div class=\"ngg-gallery-thumbnail\">\n            <a href=\"http:\/\/www.zsamshornistudenky.cz\/wp-content\/gallery\/navsteva-knihovny-22-11-2022\/IMG_20221122_103956_1.jpg\"\n               title=\"\"\n               data-src=\"http:\/\/www.zsamshornistudenky.cz\/wp-content\/gallery\/navsteva-knihovny-22-11-2022\/IMG_20221122_103956_1.jpg\"\n               data-thumbnail=\"http:\/\/www.zsamshornistudenky.cz\/wp-content\/gallery\/navsteva-knihovny-22-11-2022\/thumbs\/thumbs_IMG_20221122_103956_1.jpg\"\n               data-image-id=\"4031\"\n               data-title=\"IMG_20221122_103956_1\"\n               data-description=\"\"\n               data-image-slug=\"img_20221122_103956_1\"\n               class=\"ngg-fancybox\" rel=\"dd78cdaef6bc155a0a5cf51396d6b6f6\">\n                <img\n                    title=\"IMG_20221122_103956_1\"\n                    alt=\"IMG_20221122_103956_1\"\n                    src=\"http:\/\/www.zsamshornistudenky.cz\/wp-content\/gallery\/navsteva-knihovny-22-11-2022\/thumbs\/thumbs_IMG_20221122_103956_1.jpg\"\n                    width=\"240\"\n                    height=\"160\"\n                    style=\"max-width:100%;\"\n                \/>\n            <\/a>\n        <\/div>\n\t\t\t\t\t\t\t<\/div> \n\t\t\t\n\t\t\t\t<div id=\"ngg-image-9\" class=\"ngg-gallery-thumbnail-box \" >\n\t\t\t\t        <div class=\"ngg-gallery-thumbnail\">\n            <a href=\"http:\/\/www.zsamshornistudenky.cz\/wp-content\/gallery\/navsteva-knihovny-22-11-2022\/IMG_20221122_104001_1.jpg\"\n               title=\"\"\n               data-src=\"http:\/\/www.zsamshornistudenky.cz\/wp-content\/gallery\/navsteva-knihovny-22-11-2022\/IMG_20221122_104001_1.jpg\"\n               data-thumbnail=\"http:\/\/www.zsamshornistudenky.cz\/wp-content\/gallery\/navsteva-knihovny-22-11-2022\/thumbs\/thumbs_IMG_20221122_104001_1.jpg\"\n               data-image-id=\"4032\"\n               data-title=\"IMG_20221122_104001_1\"\n               data-description=\"\"\n               data-image-slug=\"img_20221122_104001_1\"\n               class=\"ngg-fancybox\" rel=\"dd78cdaef6bc155a0a5cf51396d6b6f6\">\n                <img\n                    title=\"IMG_20221122_104001_1\"\n                    alt=\"IMG_20221122_104001_1\"\n                    src=\"http:\/\/www.zsamshornistudenky.cz\/wp-content\/gallery\/navsteva-knihovny-22-11-2022\/thumbs\/thumbs_IMG_20221122_104001_1.jpg\"\n                    width=\"240\"\n                    height=\"160\"\n                    style=\"max-width:100%;\"\n                \/>\n            <\/a>\n        <\/div>\n\t\t\t\t\t\t\t<\/div> \n\t\t\t\n\t\t\t\t<div id=\"ngg-image-10\" class=\"ngg-gallery-thumbnail-box \" >\n\t\t\t\t        <div class=\"ngg-gallery-thumbnail\">\n            <a href=\"http:\/\/www.zsamshornistudenky.cz\/wp-content\/gallery\/navsteva-knihovny-22-11-2022\/IMG_20221122_104020_1.jpg\"\n               title=\"\"\n               data-src=\"http:\/\/www.zsamshornistudenky.cz\/wp-content\/gallery\/navsteva-knihovny-22-11-2022\/IMG_20221122_104020_1.jpg\"\n               data-thumbnail=\"http:\/\/www.zsamshornistudenky.cz\/wp-content\/gallery\/navsteva-knihovny-22-11-2022\/thumbs\/thumbs_IMG_20221122_104020_1.jpg\"\n               data-image-id=\"4033\"\n               data-title=\"IMG_20221122_104020_1\"\n               data-description=\"\"\n               data-image-slug=\"img_20221122_104020_1\"\n               class=\"ngg-fancybox\" rel=\"dd78cdaef6bc155a0a5cf51396d6b6f6\">\n                <img\n                    title=\"IMG_20221122_104020_1\"\n                    alt=\"IMG_20221122_104020_1\"\n                    src=\"http:\/\/www.zsamshornistudenky.cz\/wp-content\/gallery\/navsteva-knihovny-22-11-2022\/thumbs\/thumbs_IMG_20221122_104020_1.jpg\"\n                    width=\"240\"\n                    height=\"160\"\n                    style=\"max-width:100%;\"\n                \/>\n            <\/a>\n        <\/div>\n\t\t\t\t\t\t\t<\/div> \n\t\t\t\n\t\t\t\t<div id=\"ngg-image-11\" class=\"ngg-gallery-thumbnail-box \" >\n\t\t\t\t        <div class=\"ngg-gallery-thumbnail\">\n            <a href=\"http:\/\/www.zsamshornistudenky.cz\/wp-content\/gallery\/navsteva-knihovny-22-11-2022\/IMG_20221122_104408_1.jpg\"\n               title=\"\"\n               data-src=\"http:\/\/www.zsamshornistudenky.cz\/wp-content\/gallery\/navsteva-knihovny-22-11-2022\/IMG_20221122_104408_1.jpg\"\n               data-thumbnail=\"http:\/\/www.zsamshornistudenky.cz\/wp-content\/gallery\/navsteva-knihovny-22-11-2022\/thumbs\/thumbs_IMG_20221122_104408_1.jpg\"\n               data-image-id=\"4034\"\n               data-title=\"IMG_20221122_104408_1\"\n               data-description=\"\"\n               data-image-slug=\"img_20221122_104408_1\"\n               class=\"ngg-fancybox\" rel=\"dd78cdaef6bc155a0a5cf51396d6b6f6\">\n                <img\n                    title=\"IMG_20221122_104408_1\"\n                    alt=\"IMG_20221122_104408_1\"\n                    src=\"http:\/\/www.zsamshornistudenky.cz\/wp-content\/gallery\/navsteva-knihovny-22-11-2022\/thumbs\/thumbs_IMG_20221122_104408_1.jpg\"\n                    width=\"240\"\n                    height=\"160\"\n                    style=\"max-width:100%;\"\n                \/>\n            <\/a>\n        <\/div>\n\t\t\t\t\t\t\t<\/div> \n\t\t\t\n\t\t\t\t<div id=\"ngg-image-12\" class=\"ngg-gallery-thumbnail-box \" >\n\t\t\t\t        <div class=\"ngg-gallery-thumbnail\">\n            <a href=\"http:\/\/www.zsamshornistudenky.cz\/wp-content\/gallery\/navsteva-knihovny-22-11-2022\/IMG_20221122_104416_1.jpg\"\n               title=\"\"\n               data-src=\"http:\/\/www.zsamshornistudenky.cz\/wp-content\/gallery\/navsteva-knihovny-22-11-2022\/IMG_20221122_104416_1.jpg\"\n               data-thumbnail=\"http:\/\/www.zsamshornistudenky.cz\/wp-content\/gallery\/navsteva-knihovny-22-11-2022\/thumbs\/thumbs_IMG_20221122_104416_1.jpg\"\n               data-image-id=\"4035\"\n               data-title=\"IMG_20221122_104416_1\"\n               data-description=\"\"\n               data-image-slug=\"img_20221122_104416_1\"\n               class=\"ngg-fancybox\" rel=\"dd78cdaef6bc155a0a5cf51396d6b6f6\">\n                <img\n                    title=\"IMG_20221122_104416_1\"\n                    alt=\"IMG_20221122_104416_1\"\n                    src=\"http:\/\/www.zsamshornistudenky.cz\/wp-content\/gallery\/navsteva-knihovny-22-11-2022\/thumbs\/thumbs_IMG_20221122_104416_1.jpg\"\n                    width=\"240\"\n                    height=\"160\"\n                    style=\"max-width:100%;\"\n                \/>\n            <\/a>\n        <\/div>\n\t\t\t\t\t\t\t<\/div> \n\t\t\t\n\t\n\t<br style=\"clear: both\" \/>\n\n\t\n\t\t<!-- Pagination -->\n\t<div class='ngg-clear'><\/div>\t<\/div>\n\r\n<!-- \/wp:imagely\/nextgen-gallery -->\r\n\r\n<!-- wp:paragraph {\"align\":\"right\"} -->\r\n<p style=\"text-align: right;\"><a href=\"http:\/\/www.zsamshornistudenky.cz\/?page_id=43\">&lt;ZP\u011aT<\/a><\/p>","protected":false},"excerpt":{"rendered":"<p>&lt;ZP\u011aT &lt;ZP\u011aT<\/p>\n","protected":false},"author":2,"featured_media":0,"parent":0,"menu_order":0,"comment_status":"closed","ping_status":"closed","template":"","meta":{"ngg_post_thumbnail":0},"_links":{"self":[{"href":"http:\/\/www.zsamshornistudenky.cz\/index.php?rest_route=\/wp\/v2\/pages\/6841"}],"collection":[{"href":"http:\/\/www.zsamshornistudenky.cz\/index.php?rest_route=\/wp\/v2\/pages"}],"about":[{"href":"http:\/\/www.zsamshornistudenky.cz\/index.php?rest_route=\/wp\/v2\/types\/page"}],"author":[{"embeddable":true,"href":"http:\/\/www.zsamshornistudenky.cz\/index.php?rest_route=\/wp\/v2\/users\/2"}],"replies":[{"embeddable":true,"href":"http:\/\/www.zsamshornistudenky.cz\/index.php?rest_route=%2Fwp%2Fv2%2Fcomments&post=6841"}],"version-history":[{"count":2,"href":"http:\/\/www.zsamshornistudenky.cz\/index.php?rest_route=\/wp\/v2\/pages\/6841\/revisions"}],"predecessor-version":[{"id":6843,"href":"http:\/\/www.zsamshornistudenky.cz\/index.php?rest_route=\/wp\/v2\/pages\/6841\/revisions\/6843"}],"wp:attachment":[{"href":"http:\/\/www.zsamshornistudenky.cz\/index.php?rest_route=%2Fwp%2Fv2%2Fmedia&parent=6841"}],"curies":[{"name":"wp","href":"https:\/\/api.w.org\/{rel}","templated":true}]}}