{"id":3698,"date":"2021-07-25T15:17:58","date_gmt":"2021-07-25T15:17:58","guid":{"rendered":"http:\/\/www.zsamshornistudenky.cz\/?page_id=3698"},"modified":"2021-07-25T16:52:19","modified_gmt":"2021-07-25T16:52:19","slug":"staveni-snehulaku-v-ms-18-2-2021","status":"publish","type":"page","link":"http:\/\/www.zsamshornistudenky.cz\/?page_id=3698","title":{"rendered":"Fotogalerie &#8211; Stav\u011bn\u00ed sn\u011bhul\u00e1k\u016f v M\u0160 18. 2. 2021"},"content":{"rendered":"\n<p class=\"has-text-align-left\"><a href=\"http:\/\/www.zsamshornistudenky.cz\/?page_id=43\">&lt;ZP\u011aT<\/a><\/p>\n\n\n\n<!-- default-view.php -->\n<div\n\tclass=\"ngg-galleryoverview default-view \"\n\tid=\"ngg-gallery-1683f17ae6782b9c443b03776e5b98d9-1\">\n\n\t\t<!-- Thumbnails -->\n\t\t\t\t<div id=\"ngg-image-0\" class=\"ngg-gallery-thumbnail-box \" >\n\t\t\t\t        <div class=\"ngg-gallery-thumbnail\">\n            <a href=\"http:\/\/www.zsamshornistudenky.cz\/wp-content\/gallery\/staveni-snehulaku-v-ms-18-2-2021\/IMG-20210203-WA0005.jpg\"\n               title=\"\"\n               data-src=\"http:\/\/www.zsamshornistudenky.cz\/wp-content\/gallery\/staveni-snehulaku-v-ms-18-2-2021\/IMG-20210203-WA0005.jpg\"\n               data-thumbnail=\"http:\/\/www.zsamshornistudenky.cz\/wp-content\/gallery\/staveni-snehulaku-v-ms-18-2-2021\/thumbs\/thumbs_IMG-20210203-WA0005.jpg\"\n               data-image-id=\"1784\"\n               data-title=\"IMG-20210203-WA0005\"\n               data-description=\"\"\n               data-image-slug=\"img-20210203-wa0005\"\n               class=\"ngg-fancybox\" rel=\"1683f17ae6782b9c443b03776e5b98d9\">\n                <img\n                    title=\"IMG-20210203-WA0005\"\n                    alt=\"IMG-20210203-WA0005\"\n                    src=\"http:\/\/www.zsamshornistudenky.cz\/wp-content\/gallery\/staveni-snehulaku-v-ms-18-2-2021\/thumbs\/thumbs_IMG-20210203-WA0005.jpg\"\n                    width=\"240\"\n                    height=\"160\"\n                    style=\"max-width:100%;\"\n                \/>\n            <\/a>\n        <\/div>\n\t\t\t\t\t\t\t<\/div> \n\t\t\t\n\t\t\t\t<div id=\"ngg-image-1\" class=\"ngg-gallery-thumbnail-box \" >\n\t\t\t\t        <div class=\"ngg-gallery-thumbnail\">\n            <a href=\"http:\/\/www.zsamshornistudenky.cz\/wp-content\/gallery\/staveni-snehulaku-v-ms-18-2-2021\/IMG-20210203-WA0006.jpg\"\n               title=\"\"\n               data-src=\"http:\/\/www.zsamshornistudenky.cz\/wp-content\/gallery\/staveni-snehulaku-v-ms-18-2-2021\/IMG-20210203-WA0006.jpg\"\n               data-thumbnail=\"http:\/\/www.zsamshornistudenky.cz\/wp-content\/gallery\/staveni-snehulaku-v-ms-18-2-2021\/thumbs\/thumbs_IMG-20210203-WA0006.jpg\"\n               data-image-id=\"1785\"\n               data-title=\"IMG-20210203-WA0006\"\n               data-description=\"\"\n               data-image-slug=\"img-20210203-wa0006\"\n               class=\"ngg-fancybox\" rel=\"1683f17ae6782b9c443b03776e5b98d9\">\n                <img\n                    title=\"IMG-20210203-WA0006\"\n                    alt=\"IMG-20210203-WA0006\"\n                    src=\"http:\/\/www.zsamshornistudenky.cz\/wp-content\/gallery\/staveni-snehulaku-v-ms-18-2-2021\/thumbs\/thumbs_IMG-20210203-WA0006.jpg\"\n                    width=\"240\"\n                    height=\"160\"\n                    style=\"max-width:100%;\"\n                \/>\n            <\/a>\n        <\/div>\n\t\t\t\t\t\t\t<\/div> \n\t\t\t\n\t\t\t\t<div id=\"ngg-image-2\" class=\"ngg-gallery-thumbnail-box \" >\n\t\t\t\t        <div class=\"ngg-gallery-thumbnail\">\n            <a href=\"http:\/\/www.zsamshornistudenky.cz\/wp-content\/gallery\/staveni-snehulaku-v-ms-18-2-2021\/IMG-20210203-WA0007.jpg\"\n               title=\"\"\n               data-src=\"http:\/\/www.zsamshornistudenky.cz\/wp-content\/gallery\/staveni-snehulaku-v-ms-18-2-2021\/IMG-20210203-WA0007.jpg\"\n               data-thumbnail=\"http:\/\/www.zsamshornistudenky.cz\/wp-content\/gallery\/staveni-snehulaku-v-ms-18-2-2021\/thumbs\/thumbs_IMG-20210203-WA0007.jpg\"\n               data-image-id=\"1786\"\n               data-title=\"IMG-20210203-WA0007\"\n               data-description=\"\"\n               data-image-slug=\"img-20210203-wa0007\"\n               class=\"ngg-fancybox\" rel=\"1683f17ae6782b9c443b03776e5b98d9\">\n                <img\n                    title=\"IMG-20210203-WA0007\"\n                    alt=\"IMG-20210203-WA0007\"\n                    src=\"http:\/\/www.zsamshornistudenky.cz\/wp-content\/gallery\/staveni-snehulaku-v-ms-18-2-2021\/thumbs\/thumbs_IMG-20210203-WA0007.jpg\"\n                    width=\"240\"\n                    height=\"160\"\n                    style=\"max-width:100%;\"\n                \/>\n            <\/a>\n        <\/div>\n\t\t\t\t\t\t\t<\/div> \n\t\t\t\n\t\t\t\t<div id=\"ngg-image-3\" class=\"ngg-gallery-thumbnail-box \" >\n\t\t\t\t        <div class=\"ngg-gallery-thumbnail\">\n            <a href=\"http:\/\/www.zsamshornistudenky.cz\/wp-content\/gallery\/staveni-snehulaku-v-ms-18-2-2021\/IMG-20210203-WA0010.jpg\"\n               title=\"\"\n               data-src=\"http:\/\/www.zsamshornistudenky.cz\/wp-content\/gallery\/staveni-snehulaku-v-ms-18-2-2021\/IMG-20210203-WA0010.jpg\"\n               data-thumbnail=\"http:\/\/www.zsamshornistudenky.cz\/wp-content\/gallery\/staveni-snehulaku-v-ms-18-2-2021\/thumbs\/thumbs_IMG-20210203-WA0010.jpg\"\n               data-image-id=\"1787\"\n               data-title=\"IMG-20210203-WA0010\"\n               data-description=\"\"\n               data-image-slug=\"img-20210203-wa0010\"\n               class=\"ngg-fancybox\" rel=\"1683f17ae6782b9c443b03776e5b98d9\">\n                <img\n                    title=\"IMG-20210203-WA0010\"\n                    alt=\"IMG-20210203-WA0010\"\n                    src=\"http:\/\/www.zsamshornistudenky.cz\/wp-content\/gallery\/staveni-snehulaku-v-ms-18-2-2021\/thumbs\/thumbs_IMG-20210203-WA0010.jpg\"\n                    width=\"240\"\n                    height=\"160\"\n                    style=\"max-width:100%;\"\n                \/>\n            <\/a>\n        <\/div>\n\t\t\t\t\t\t\t<\/div> \n\t\t\t\n\t\t\t\t<div id=\"ngg-image-4\" class=\"ngg-gallery-thumbnail-box \" >\n\t\t\t\t        <div class=\"ngg-gallery-thumbnail\">\n            <a href=\"http:\/\/www.zsamshornistudenky.cz\/wp-content\/gallery\/staveni-snehulaku-v-ms-18-2-2021\/IMG-20210203-WA0011.jpg\"\n               title=\"\"\n               data-src=\"http:\/\/www.zsamshornistudenky.cz\/wp-content\/gallery\/staveni-snehulaku-v-ms-18-2-2021\/IMG-20210203-WA0011.jpg\"\n               data-thumbnail=\"http:\/\/www.zsamshornistudenky.cz\/wp-content\/gallery\/staveni-snehulaku-v-ms-18-2-2021\/thumbs\/thumbs_IMG-20210203-WA0011.jpg\"\n               data-image-id=\"1788\"\n               data-title=\"IMG-20210203-WA0011\"\n               data-description=\"\"\n               data-image-slug=\"img-20210203-wa0011\"\n               class=\"ngg-fancybox\" rel=\"1683f17ae6782b9c443b03776e5b98d9\">\n                <img\n                    title=\"IMG-20210203-WA0011\"\n                    alt=\"IMG-20210203-WA0011\"\n                    src=\"http:\/\/www.zsamshornistudenky.cz\/wp-content\/gallery\/staveni-snehulaku-v-ms-18-2-2021\/thumbs\/thumbs_IMG-20210203-WA0011.jpg\"\n                    width=\"240\"\n                    height=\"160\"\n                    style=\"max-width:100%;\"\n                \/>\n            <\/a>\n        <\/div>\n\t\t\t\t\t\t\t<\/div> \n\t\t\t\n\t\n\t<br style=\"clear: both\" \/>\n\n\t\n\t\t<!-- Pagination -->\n\t<div class='ngg-clear'><\/div>\t<\/div>\n\n\n\n\n<p class=\"has-text-align-right\"><a href=\"http:\/\/www.zsamshornistudenky.cz\/?page_id=43\">&lt;ZP\u011aT<\/a><\/p>\n","protected":false},"excerpt":{"rendered":"<p>&lt;ZP\u011aT &lt;ZP\u011aT<\/p>\n","protected":false},"author":2,"featured_media":0,"parent":0,"menu_order":0,"comment_status":"closed","ping_status":"closed","template":"","meta":{"ngg_post_thumbnail":0},"_links":{"self":[{"href":"http:\/\/www.zsamshornistudenky.cz\/index.php?rest_route=\/wp\/v2\/pages\/3698"}],"collection":[{"href":"http:\/\/www.zsamshornistudenky.cz\/index.php?rest_route=\/wp\/v2\/pages"}],"about":[{"href":"http:\/\/www.zsamshornistudenky.cz\/index.php?rest_route=\/wp\/v2\/types\/page"}],"author":[{"embeddable":true,"href":"http:\/\/www.zsamshornistudenky.cz\/index.php?rest_route=\/wp\/v2\/users\/2"}],"replies":[{"embeddable":true,"href":"http:\/\/www.zsamshornistudenky.cz\/index.php?rest_route=%2Fwp%2Fv2%2Fcomments&post=3698"}],"version-history":[{"count":3,"href":"http:\/\/www.zsamshornistudenky.cz\/index.php?rest_route=\/wp\/v2\/pages\/3698\/revisions"}],"predecessor-version":[{"id":3727,"href":"http:\/\/www.zsamshornistudenky.cz\/index.php?rest_route=\/wp\/v2\/pages\/3698\/revisions\/3727"}],"wp:attachment":[{"href":"http:\/\/www.zsamshornistudenky.cz\/index.php?rest_route=%2Fwp%2Fv2%2Fmedia&parent=3698"}],"curies":[{"name":"wp","href":"https:\/\/api.w.org\/{rel}","templated":true}]}}