{"id":35,"date":"2019-10-27T11:03:19","date_gmt":"2019-10-27T11:03:19","guid":{"rendered":"http:\/\/www.zsamshornistudenky.cz\/?page_id=35"},"modified":"2021-10-14T08:28:41","modified_gmt":"2021-10-14T08:28:41","slug":"materska-skola","status":"publish","type":"page","link":"http:\/\/www.zsamshornistudenky.cz\/?page_id=35","title":{"rendered":"Mate\u0159sk\u00e1 \u0161kola"},"content":{"rendered":"\r\n<p><strong>Hymna na\u0161\u00ed \u0161kolky<\/strong><\/p>\r\n<p><strong>My jsme d\u011bti<\/strong><br><em>(Melodie &#8211; Pec n\u00e1m spadla)<\/em><\/p>\r\n<p>My jsme d\u011bti, mal\u00e9 d\u011bti,<br>my chod\u00edme do \u0161kolky,<br>hrajeme si, pov\u00edd\u00e1me,<br>p\u016fj\u010dujem si pastelky.<br>Stav\u00edme a montujeme,<br>venku v\u0161echno zkoum\u00e1me,<br>zv\u011bdav\u00ed jsme, neposedn\u00ed,<br>SLUN\u00cd\u010cKA si \u0159\u00edk\u00e1me.<\/p>\r\n<p><strong>Charakteristika mate\u0159sk\u00e9 \u0161koly<\/strong><br><br>Mate\u0159sk\u00e1 \u0161kola se nach\u00e1z\u00ed ve st\u0159edu obce ve star\u0161\u00ed budov\u011b. V okol\u00ed M\u0160 se rozkl\u00e1d\u00e1 obora, kde se pasou jeleni, da\u0148ci a mufloni. Od 1. ledna 2003 je M\u0160 na z\u00e1klad\u011b rozhodnut\u00ed obecn\u00edho \u00fa\u0159adu v Horn\u00edch Stud\u00e9nk\u00e1ch slou\u010dena se Z\u00e1kladn\u00ed \u0161kolou a je dnes p\u0159\u00edsp\u011bvkovou organizac\u00ed s pr\u00e1vn\u00ed subjektivitou. <br>Mate\u0159sk\u00e1 \u0161kola je jednot\u0159\u00eddn\u00ed s kapacitou 24 d\u011bt\u00ed. Budova M\u0160 je dvoupodla\u017en\u00ed. Nach\u00e1z\u00ed se zde M\u0160, \u0161koln\u00ed dru\u017eina, dv\u011b t\u0159\u00eddy Z\u0160, cvi\u010debna, kuchy\u0148, j\u00eddelna, sklady, kotelna a sklad paliv. K budov\u011b pat\u0159\u00ed \u0161koln\u00ed zahrada, kter\u00e1 pro\u0161la v roce 2009 rekonstrukc\u00ed. Vybaven\u00ed M\u0160 je zastaral\u00e9, ale dle mo\u017enost\u00ed postupn\u011b pracujeme na jeho obnov\u011b. Je t\u0159eba doplnit vybaven\u00ed herny hrac\u00edmi kouty.<br>Budova je celkov\u011b prostorn\u00e1. Vnit\u0159n\u00ed prostory jsou ze v\u0161ech stran prosv\u011btleny velk\u00fdmi okny. P\u0159i vstupu do budovy m\u00e1me v p\u0159\u00edzem\u00ed \u0161atnu M\u0160, \u0159editelnu, \u0161atnu a WC pro zam\u011bstnance, d\u00e1le prostornou hernu a t\u0159\u00eddu M\u0160, sklad leh\u00e1tek, um\u00fdv\u00e1rnu a WC d\u011bt\u00ed. Ve sklepn\u00edch prostor\u00e1ch jsou sklady, kotelna a soci\u00e1ln\u00ed za\u0159\u00edzen\u00ed pro topi\u010de.<br>V prvn\u00edm pat\u0159e se nach\u00e1z\u00ed dru\u017eina, kancel\u00e1\u0159 vedouc\u00ed \u0161koln\u00ed j\u00eddelny, I. t\u0159\u00edda Z\u0160, d\u00e1le WC pro person\u00e1l, WC \u017e\u00e1k\u016f, Z herna, II. t\u0159\u00edda Z\u0160 a d\u00e1le to p\u0159ech\u00e1z\u00ed do kuchyn\u011b a j\u00eddelny.<\/p>\r\n\r\n\r\n\r\n<p><strong>Organizace denn\u00edch \u010dinnost\u00ed<\/strong><br><br><strong>6:00 &#8211; 8:00 <\/strong> <br>P\u0159\u00edchod d\u011bt\u00ed, voln\u00e9 hry.<br><strong>8:00 &#8211; 11:30 <\/strong><br>Voln\u00e9 hry d\u011bt\u00ed, komunikativn\u00ed kruh, spont\u00e1nn\u00ed \u010dinnosti, skupinov\u00e9 a individu\u00e1ln\u00ed \u010dinnosti, TV chvilka, c\u00edlen\u00e9 \u010dinnosti d\u011bt\u00ed, kooperativn\u00ed, tematick\u00e9, pro\u017eitkov\u00e9 a \u010dinnostn\u00ed u\u010den\u00ed. Hygiena, sva\u010dina. Hygiena, p\u0159\u00edprava na pobyt venku. Pobyt venku.<br><strong>11:30 &#8211; 14:00 <\/strong><br>Hygiena, ob\u011bd, sp\u00e1nek odpo\u010dinek d\u011bt\u00ed respektuj\u00edc\u00ed rozd\u00edln\u00e9 pot\u0159eby.<br><strong>14:00 &#8211; 16:00 <\/strong><br>Hygiena, sva\u010dina, odpoledn\u00ed \u010dinnosti.<\/p>\r\n\r\n\r\n\r\n<figure class=\"wp-block-image\"><img loading=\"lazy\" width=\"1023\" height=\"227\" class=\"wp-image-392\" src=\"http:\/\/www.zsamshornistudenky.cz\/wp-content\/uploads\/2019\/10\/pastelky.png\" alt=\"\" srcset=\"http:\/\/www.zsamshornistudenky.cz\/wp-content\/uploads\/2019\/10\/pastelky.png 1023w, http:\/\/www.zsamshornistudenky.cz\/wp-content\/uploads\/2019\/10\/pastelky-300x67.png 300w, http:\/\/www.zsamshornistudenky.cz\/wp-content\/uploads\/2019\/10\/pastelky-768x170.png 768w\" sizes=\"(max-width: 1023px) 100vw, 1023px\" \/><\/figure>\r\n","protected":false},"excerpt":{"rendered":"<p>Hymna na\u0161\u00ed \u0161kolky My jsme d\u011bti(Melodie &#8211; Pec n\u00e1m spadla) My jsme d\u011bti, mal\u00e9 d\u011bti,my chod\u00edme do \u0161kolky,hrajeme si, pov\u00edd\u00e1me,p\u016fj\u010dujem si pastelky.Stav\u00edme a montujeme,venku v\u0161echno zkoum\u00e1me,zv\u011bdav\u00ed jsme, neposedn\u00ed,SLUN\u00cd\u010cKA si \u0159\u00edk\u00e1me. [&hellip;]<\/p>\n","protected":false},"author":1,"featured_media":0,"parent":0,"menu_order":0,"comment_status":"closed","ping_status":"closed","template":"","meta":{"ngg_post_thumbnail":0},"_links":{"self":[{"href":"http:\/\/www.zsamshornistudenky.cz\/index.php?rest_route=\/wp\/v2\/pages\/35"}],"collection":[{"href":"http:\/\/www.zsamshornistudenky.cz\/index.php?rest_route=\/wp\/v2\/pages"}],"about":[{"href":"http:\/\/www.zsamshornistudenky.cz\/index.php?rest_route=\/wp\/v2\/types\/page"}],"author":[{"embeddable":true,"href":"http:\/\/www.zsamshornistudenky.cz\/index.php?rest_route=\/wp\/v2\/users\/1"}],"replies":[{"embeddable":true,"href":"http:\/\/www.zsamshornistudenky.cz\/index.php?rest_route=%2Fwp%2Fv2%2Fcomments&post=35"}],"version-history":[{"count":28,"href":"http:\/\/www.zsamshornistudenky.cz\/index.php?rest_route=\/wp\/v2\/pages\/35\/revisions"}],"predecessor-version":[{"id":4382,"href":"http:\/\/www.zsamshornistudenky.cz\/index.php?rest_route=\/wp\/v2\/pages\/35\/revisions\/4382"}],"wp:attachment":[{"href":"http:\/\/www.zsamshornistudenky.cz\/index.php?rest_route=%2Fwp%2Fv2%2Fmedia&parent=35"}],"curies":[{"name":"wp","href":"https:\/\/api.w.org\/{rel}","templated":true}]}}