{"id":108,"date":"2019-10-27T16:53:48","date_gmt":"2019-10-27T16:53:48","guid":{"rendered":"http:\/\/www.zsamshornistudenky.cz\/?page_id=108"},"modified":"2024-04-06T19:41:39","modified_gmt":"2024-04-06T19:41:39","slug":"skolni-jidelna","status":"publish","type":"page","link":"http:\/\/www.zsamshornistudenky.cz\/?page_id=108","title":{"rendered":"\u0160koln\u00ed j\u00eddelna"},"content":{"rendered":"\r\n<p><strong>\u010c\u00edslo \u00fa\u010dtu<\/strong> pro platbu stravn\u00e9ho:<strong> 115-8704810227\/0100<\/strong>. Platba ob\u011bd\u016f prob\u00edh\u00e1 z\u00e1lohov\u011b p\u0159edem inkasem nebo p\u0159evodem na \u00fa\u010det. Pro platbu inkasem nahlaste \u010d\u00edslo \u00fa\u010dtu vedouc\u00ed j\u00eddelny Steidlov\u00e9 Ludmile (tel: 739 828 604).<\/p>\r\n\r\n\r\n\r\n<p><strong>Pravidla pro odhla\u0161ov\u00e1n\u00ed d\u011bt\u00ed ze stravy:<\/strong><\/p>\r\n<p>Za odhl\u00e1\u0161en\u00ed \u010di p\u0159ihl\u00e1\u0161en\u00ed stravy odpov\u00edd\u00e1 rodi\u010d d\u00edt\u011bte a mus\u00ed jej prov\u00e9st na <strong>www.strava.cz<\/strong><br>Strava NEN\u00cd odhla\u0161ov\u00e1na automaticky!<\/p>\r\n<p>Ob\u011bdy je nutn\u00e9 odhl\u00e1sit <strong>den p\u0159edem do 14:00<\/strong>. P\u0159i pond\u011bln\u00ed nep\u0159\u00edtomnosti d\u011bt\u00ed je odhla\u0161ov\u00e1n\u00ed <strong>v ned\u011bli<\/strong>, nejpozd\u011bji <strong>do 19:00<\/strong>. <\/p>\r\n<p><strong>V 1. den<\/strong> nep\u0159\u00edtomnosti d\u00edt\u011bte m\u00e1te n\u00e1rok na j\u00eddlo do j\u00eddlonosi\u010de za dotovanou cenu a je nutn\u00e9 si ob\u011bd vyzvednout do j\u00eddlonosi\u010de.<\/p>\r\n<p>Pokud tak neu\u010din\u00edte, ob\u011bd propad\u00e1. V\u00fddej neodhl\u00e1\u0161en\u00fdch ob\u011bd\u016f do j\u00eddlonosi\u010d\u016f je u pan\u00ed kucha\u0159ky od <strong>11:00 do 11:15.<\/strong> D\u011bkujeme za dodr\u017eov\u00e1n\u00ed \u010dasu.<\/p>\r\n<p>Od 8. 4. 2024 v p\u0159\u00edpad\u011b <strong>pokra\u010duj\u00edc\u00ed nep\u0159\u00edtomnosti<\/strong> (2. a dal\u0161\u00ed dny), pokud nen\u00ed strava v syst\u00e9mu odhl\u00e1\u0161en\u00e1, je ob\u011bd po\u010d\u00edt\u00e1n <strong>za plnou cenu<\/strong> (pln\u00e1 cena je uvedena v dodatku v dokumentech \u0160J).<\/p>\r\n<p><strong>V\u00fd\u0161e stravn\u00e9ho od 1. 2. 2023 po ode\u010dten\u00ed dotace od obce:<\/strong><\/p>\r\n<p><strong>D\u011bti M\u0160: 2 \u2013 6 let<\/strong><br>&#8211; p\u0159esn\u00edd\u00e1vka 10,- K\u010d<br>&#8211; ob\u011bd 17,- K\u010d<br>&#8211; sva\u010dina 10,- K\u010d<\/p>\r\n<p><strong>D\u011bti M\u0160: odlo\u017een\u00e1 \u0161koln\u00ed doch\u00e1zka (7 let)<\/strong><br>&#8211; p\u0159esn\u00edd\u00e1vka 10,- K\u010d<br>&#8211; ob\u011bd 25,- K\u010d<br>&#8211; sva\u010dina 10,- K\u010d<\/p>\r\n<p><strong>D\u011bti Z\u0160: od 7 do 10 let<\/strong><br>&#8211; sva\u010dina 16,- K\u010d<br>&#8211; ob\u011bd 23,- K\u010d<\/p>\r\n<p><strong>D\u011bti Z\u0160: od 10 do 12 let<\/strong><br>&#8211; sva\u010dina 16,- K\u010d<br>&#8211; ob\u011bd 26,- K\u010d<\/p>\r\n<p>Obec Horn\u00ed Stud\u00e9nky dotuje d\u011btem z M\u0160 ob\u011bd \u010d\u00e1stkou 2,- K\u010d za 1 ob\u011bd a \u017e\u00e1k\u016fm ze Z\u0160 \u010d\u00e1stkou 4,- K\u010d za 1 ob\u011bd.<\/p>\r\n","protected":false},"excerpt":{"rendered":"<p>\u010c\u00edslo \u00fa\u010dtu pro platbu stravn\u00e9ho: 115-8704810227\/0100. Platba ob\u011bd\u016f prob\u00edh\u00e1 z\u00e1lohov\u011b p\u0159edem inkasem nebo p\u0159evodem na \u00fa\u010det. Pro platbu inkasem nahlaste \u010d\u00edslo \u00fa\u010dtu vedouc\u00ed j\u00eddelny Steidlov\u00e9 Ludmile (tel: 739 828 604). [&hellip;]<\/p>\n","protected":false},"author":1,"featured_media":0,"parent":0,"menu_order":0,"comment_status":"closed","ping_status":"closed","template":"","meta":{"ngg_post_thumbnail":0},"_links":{"self":[{"href":"http:\/\/www.zsamshornistudenky.cz\/index.php?rest_route=\/wp\/v2\/pages\/108"}],"collection":[{"href":"http:\/\/www.zsamshornistudenky.cz\/index.php?rest_route=\/wp\/v2\/pages"}],"about":[{"href":"http:\/\/www.zsamshornistudenky.cz\/index.php?rest_route=\/wp\/v2\/types\/page"}],"author":[{"embeddable":true,"href":"http:\/\/www.zsamshornistudenky.cz\/index.php?rest_route=\/wp\/v2\/users\/1"}],"replies":[{"embeddable":true,"href":"http:\/\/www.zsamshornistudenky.cz\/index.php?rest_route=%2Fwp%2Fv2%2Fcomments&post=108"}],"version-history":[{"count":59,"href":"http:\/\/www.zsamshornistudenky.cz\/index.php?rest_route=\/wp\/v2\/pages\/108\/revisions"}],"predecessor-version":[{"id":8047,"href":"http:\/\/www.zsamshornistudenky.cz\/index.php?rest_route=\/wp\/v2\/pages\/108\/revisions\/8047"}],"wp:attachment":[{"href":"http:\/\/www.zsamshornistudenky.cz\/index.php?rest_route=%2Fwp%2Fv2%2Fmedia&parent=108"}],"curies":[{"name":"wp","href":"https:\/\/api.w.org\/{rel}","templated":true}]}}